What are the prime factors of 405?
3, 5
List the prime factors of 44037.
3, 7, 233
List the prime factors of 8917.
37, 241
List the prime factors of 45114.
2, 3, 73, 103
What are the prime factors of 85446?
2, 3, 47, 101
List the prime factors of 899.
29, 31
List the prime factors of 116482.
2, 139, 419
List the prime factors of 20177.
20177
What are the prime factors of 8671?
13, 23, 29
What are the prime factors of 610?
2, 5, 61
List the prime factors of 22422.
2, 3, 37, 101
List the prime factors of 26211.
3, 8737
List the prime factors of 399.
3, 7, 19
What are the prime factors of 15511?
15511
What are the prime factors of 351?
3, 13
What are the prime factors of 63021?
3, 7, 3001
List the prime factors of 16.
2
List the prime factors of 10324.
2, 29, 89
List the prime factors of 3162.
2, 3, 17, 31
List the prime factors of 8284.
2, 19, 109
What are the prime factors of 82926?
2, 3, 17, 271
What are the prime factors of 362?
2, 181
List the prime factors of 44630.
2, 5, 4463
List the prime factors of 78934.
2, 61, 647
What are the prime factors of 38800?
2, 5, 97
List the prime factors of 314.
2, 157
What are the prime factors of 1321?
1321
List the prime factors of 27211.
27211
What are the prime factors of 905?
5, 181
List the prime factors of 520.
2, 5, 13
What are the prime factors of 7278?
2, 3, 1213
List the prime factors of 45549.
3, 7, 241
List the prime factors of 5930.
2, 5, 593
What are the prime factors of 101466?
2, 3, 1879
List the prime factors of 102.
2, 3, 17
List the prime factors of 1921.
17, 113
What are the prime factors of 1123?
1123
What are the prime factors of 14539?
7, 31, 67
List the prime factors of 1033.
1033
What are the prime factors of 1779?
3, 593
List the prime factors of 35247.
3, 31, 379
List the prime factors of 1542.
2, 3, 257
What are the prime factors of 48392?
2, 23, 263
What are the prime factors of 3310?
2, 5, 331
What are the prime factors of 2370?
2, 3, 5, 79
What are the prime factors of 4866?
2, 3, 811
What are the prime factors of 2623?
43, 61
List the prime factors of 92021.
17, 5413
What are the prime factors of 4167?
3, 463
List the prime factors of 1022.
2, 7, 73
List the prime factors of 118434.
2, 3, 19739
What are the prime factors of 24206?
2, 7, 13, 19
List the prime factors of 20832.
2, 3, 7, 31
List the prime factors of 14764.
2, 3691
What are the prime factors of 1260?
2, 3, 5, 7
What are the prime factors of 10470?
2, 3, 5, 349
What are the prime factors of 50747?
31, 1637
What are the prime factors of 27693?
3, 17, 181
What are the prime factors of 51843?
3, 11, 1571
List the prime factors of 147.
3, 7
What are the prime factors of 656?
2, 41
What are the prime factors of 33438?
2, 3, 5573
What are the prime factors of 15003?
3, 1667
What are the prime factors of 17515?
5, 31, 113
What are the prime factors of 1060?
2, 5, 53
List the prime factors of 14287.
7, 13, 157
What are the prime factors of 2301?
3, 13, 59
What are the prime factors of 10262?
2, 7, 733
List the prime factors of 996.
2, 3, 83
List the prime factors of 1020.
2, 3, 5, 17
List the prime factors of 5482.
2, 2741
What are the prime factors of 15267?
3, 7, 727
List the prime factors of 1380.
2, 3, 5, 23
What are the prime factors of 3017?
7, 431
List the prime factors of 366.
2, 3, 61
List the prime factors of 6334.
2, 3167
List the prime factors of 7550.
2, 5, 151
What are the prime factors of 22020?
2, 3, 5, 367
List the prime factors of 281.
281
List the prime factors of 127.
127
What are the prime factors of 1768?
2, 13, 17
What are the prime factors of 1676?
2, 419
List the prime factors of 268.
2, 67
List the prime factors of 9971.
13, 59
What are the prime factors of 154?
2, 7, 11
List the prime factors of 19324.
2, 4831
What are the prime factors of 29308?
2, 17, 431
What are the prime factors of 1608?
2, 3, 67
List the prime factors of 1985.
5, 397
What are the prime factors of 105208?
2, 13151
List the prime factors of 1224.
2, 3, 17
What are the prime factors of 11065?
5, 2213
What are the prime factors of 1249?
1249
List the prime factors of 178.
2, 89
List the prime factors of 12846.
2, 3, 2141
List the prime factors of 15715.
5, 7, 449
What are the prime factors of 128097?
3, 43, 331
What are the prime factors of 61939?
23, 2693
What are the prime factors of 97438?
2, 11, 43, 103
List the prime factors of 1044.
2, 3, 29
What are the prime factors of 1554?
2, 3, 7, 37
What are the prime factors of 8542?
2, 4271
What are the prime factors of 1059?
3, 353
List the prime factors of 44291.
13, 3407
What are the prime factors of 3025?
5, 11
What are the prime factors of 669?
3, 223
What are the prime factors of 11300?
2, 5, 113
What are the prime factors of 16478?
2, 7, 11, 107
What are the prime factors of 1888?
2, 59
What are the prime factors of 61385?
5, 12277
List the prime factors of 1755.
3, 5, 13
What are the prime factors of 75892?
2, 18973
What are the prime factors of 156516?
2, 3, 13043
List the prime factors of 13535.
5, 2707
List the prime factors of 494.
2, 13, 19
What are the prime factors of 2167?
11, 197
List the prime factors of 2210.
2, 5, 13, 17
List the prime factors of 20563.
20563
What are the prime factors of 1349?
19, 71
List the prime factors of 5242.
2, 2621
What are the prime factors of 479?
479
What are the prime factors of 889?
7, 127
What are the prime factors of 240?
2, 3, 5
List the prime factors of 3545.
5, 709
What are the prime factors of 52112?
2, 3257
What are the prime factors of 78372?
2, 3, 7, 311
What are the prime factors of 164?
2, 41
List the prime factors of 2269.
2269
List the prime factors of 475.
5, 19
List the prime factors of 1506.
2, 3, 251
What are the prime factors of 89?
89
What are the prime factors of 33479?
33479
List the prime factors of 7958.
2, 23, 173
What are the prime factors of 4547?
4547
List the prime factors of 3242.
2, 1621
What are the prime factors of 283?
283
List the prime factors of 8011.
8011
What are the prime factors of 45?
3, 5
List the prime factors of 40968.
2, 3, 569
What are the prime factors of 1288?
2, 7, 23
List the prime factors of 36198.
2, 3, 2011
List the prime factors of 20.
2, 5
List the prime factors of 2514.
2, 3, 419
What are the prime factors of 746?
2, 373
List the prime factors of 266.
2, 7, 19
What are the prime factors of 1544?
2, 193
What are the prime factors of 11404?
2, 2851
List the prime factors of 36834.
2, 3, 7, 877
What are the prime factors of 8116?
2, 2029
What are the prime factors of 1610?
2, 5, 7, 23
List the prime factors of 10214.
2, 5107
List the prime factors of 1682.
2, 29
List the prime factors of 46324.
2, 37, 313
What are the prime factors of 8534?
2, 17, 251
What are the prime factors of 13884?
2, 3, 13, 89
What are the prime factors of 45227?
7, 13, 71
List the prime factors of 887.
887
What are the prime factors of 887?
887
What are the prime factors of 3387?
3, 1129
List the prime factors of 747.
3, 83
List the prime factors of 77265.
3, 5, 17, 101
What are the prime factors of 350?
2, 5, 7
What are the prime factors of 1003?
17, 59
List the prime factors of 103561.
103561
What are the prime factors of 17883?
3, 1987
List the prime factors of 2564.
2, 641
List the prime factors of 2244.
2, 3, 11, 17
What are the prime factors of 120448?
2, 941
What are the prime factors of 73376?
2, 2293
List the prime factors of 7290.
2, 3, 5
List the prime factors of 873.
3, 97
What are the prime factors of 438?
2, 3, 73
What are the prime factors of 176308?
2, 11, 4007
What are the prime factors of 112005?
3, 5, 19, 131
List the prime factors of 6482.
2, 7, 463
What are the prime factors of 45685?
5, 9137
What are the prime factors of 1379?
7, 197
What are the prime factors of 10176?
2, 3, 53
List the prime factors of 1942.
2, 971
What are the prime factors of 900?
2, 3, 5
List the prime factors of 33452.
2, 8363
What are the prime factors of 5065?
5, 1013
What are the prime factors of 1900?
2, 5, 19
What are the prime factors of 4709?
17, 277
What are the prime factors of 3034?
2, 37, 41
What are the prime factors of 65?
5, 13
What are the prime factors of 19944?
2, 3, 277
What are the prime factors of 4736?
2, 37
List the prime factors of 3488.
2, 109
List the prime factors of 2172.
2, 